ppose -i - 6 = -c, n*c = 4*c - i + h. What are the prime factors of c?
3
Let b(j) = j**3 - 2*j + 1. Let z be b(1). Suppose -a = -2 - z. What are the prime factors of a?
2
List the prime factors of (-51)/(-15) + -3 - (-1629)/15.
109
Let g = -5 - -8. Suppose 12 = g*j + 51. Let q = j - -18. What are the prime factors of q?
5
Suppose 8*z = 2681 - 297. What are the prime factors of z?
2, 149
Let q = 121 + -76. List the prime factors of q.
3, 5
Let c(u) = -2*u + 3. Let t be c(2). List the prime factors of (-3 - -3 - t)*26.
2, 13
Let h = 5 + 7. Suppose -4*x + 2 = -o + h, -4*o = -x - 55. List the prime factors of o.
2, 7
Let k = -29 + 14. Let i = k - -33. Suppose -3*b + i = -12. List the prime factors of b.
2, 5
Let t = -45 - -83. List the prime factors of t.
2, 19
Suppose -5*l + 983 = 4*k, 5*l = 2*k + 365 + 606. What are the prime factors of l?
3, 5, 13
List the prime factors of 12 + -12 + -4 + 1 + 241.
2, 7, 17
Let h be 2 + -1 + 2 + 52. Let x = h - 26. What are the prime factors of x?
29
Let m(y) = -y**3 + 4*y**2 + 6*y + 1. Suppose -18 = -5*r + 7. What are the prime factors of m(r)?
2, 3
Let o(t) = t**2 + 4*t - 2. Let v be o(-7). Suppose 3*f - v = 23. What are the prime factors of f?
2, 7
Let j be (-2 + 1 + 2)*1. Let o(n) = 27*n**3 - n**2 + 2*n - 1. Let w be o(j). Let a = w + -19. List the prime factors of a.
2
Let n(h) = h**3 - 8*h**2 + 9*h + 6. Let u be n(8). What are the prime factors of (9/2)/(13/u)?
3
Let a be ((-12)/(-18))/(1/72). Let y = 75 - a. List the prime factors of y.
3
Let f be -4 + 1 - 90/(-10). Suppose 0 = 5*i - f - 19. What are the prime factors of i?
5
Let b be 4 - 1 - 0 - 0. Suppose 2*y - 40 = -5*r, 0 = -4*r + b*r + 2*y - 4. Suppose 0 = -u + r + 6. List the prime factors of u.
2, 3
Let t be (-8 - (-1)/1)/(-1). Let i be (0 + t + -1)*2. Let y = i + -2. What are the prime factors of y?
2, 5
Suppose 4*t + 15 = -2*s - 5, 3*s + 4*t = -40. What are the prime factors of s/8*4/(-2)?
5
Let j(v) = -v**2 - 24*v + 12. Let n be j(-11). What are the prime factors of 4/(-18) + n/9?
17
Suppose 6*y + 80 = 8*y. List the prime factors of y.
2, 5
What are the prime factors of (2/(-8))/((-10)/2120)?
53
Suppose 5*a - 20 = 5. Suppose -12 - 8 = -a*g. Suppose g*f - 50 = -f. What are the prime factors of f?
2, 5
Suppose -2*k + 31 - 5 = 0. Suppose 0 = 5*y - k - 7. List the prime factors of y.
2
Let h(x) = 20*x**2 - 16*x - 51. Let b(a) = 7*a**2 - 5*a - 17. Let z(w) = -17*b(w) + 6*h(w). What are the prime factors of z(13)?
3
Suppose -2*z = -0*z + 2*s - 8, 3*z = s + 12. Let m(n) = 5*n - 3 - n + 3. What are the prime factors of m(z)?
2
Suppose -26 = -2*s - g, s + 6 = 3*s - 4*g. Let r(w) be the second derivative of w**3/6 - 5*w**2/2 - 3*w. List the prime factors of r(s).
2, 3
Let o(k) = -k + 17. What are the prime factors of o(7)?
2, 5
Let h(q) = q**2 + 8*q - 7. List the prime factors of h(-9).
2
Let j(s) = s**3 + s**2 + 68. List the prime factors of j(0).
2, 17
Let i(l) = 5*l - 12. Let c be i(8). Suppose p = -2*a + 12, -p + c = 5*a - 2. What are the prime factors of a?
2, 3
Let b(m) = 5*m**3 - 4*m**2 + 6*m. What are the prime factors of b(3)?
3, 13
Let o = 48 - 27. What are the prime factors of o?
3, 7
Let f be 4/3*63/6. Let r = -7 + f. List the prime factors of r.
7
Suppose 15*s - 18*s = -144. List the prime factors of s.
2, 3
Let x = 341 + -184. List the prime factors of x.
157
Suppose -4*f - 56 = -u, -5*f + u - 53 = 4*u. Let y = 35 + f. What are the prime factors of y?
2, 11
Let x = 6 - 2. Suppose -3*f = -x*f + 11. List the prime factors of f.
11
Let h(u) = -3*u**3 + 7*u**2 - u**2 + 7 + 0*u + 9*u + 2*u**3. What are the prime factors of h(7)?
3, 7
Suppose 69 - 42 = a. What are the prime factors of a?
3
Suppose -4*p = -111 - 57. What are the prime factors of p?
2, 3, 7
Let c = -5 - -10. Let y = -7 + c. Let q(j) = j**2 - 4*j - 3. What are the prime factors of q(y)?
3
List the prime factors of (3 + 0)/(-3) + 21.
2, 5
Suppose -6*y = -3*y - 12. Suppose -24 = -w - 3*j - 7, -3*w - j = -19. Suppose 6 = -2*r, -y*t = -0*t + w*r - 33. List the prime factors of t.
2, 3
Let j be (9/12)/((-6)/24). What are the prime factors of 19 + -1 + (-1 - j)?
2, 5
Let y(a) = 3*a**2 + 3*a + 4. Let l be y(-3). Suppose -39 = -5*i + 4*w - 158, -w = i + l. Let z = i - -35. List the prime factors of z.
2, 3
Let v = -6 - -1. Let x(j) = -7*j - 4. What are the prime factors of x(v)?
31
Let m(v) = -v**2 + 6*v + 2. Let o be m(6). Let y = o + 7. List the prime factors of y.
3
Suppose -m = 4*m. Suppose -3*f + m*f = -18. List the prime factors of f.
2, 3
Let l(q) = q**2 + q - 5. Let k be l(-4). Suppose -12 = 2*j + j. Let t = j + k. List the prime factors of t.
3
Let f be 60/(-2) + (-4 - -3). Let a = -41 - -19. Let z = a - f. What are the prime factors of z?
3
Let k = 14 - -4. List the prime factors of k.
2, 3
Let y(u) = -u**3 + 13*u**2 + 7*u + 13. List the prime factors of y(11).
2, 83
Suppose 0 = -f - 3 - 0, -3*l - 4*f = 0. Suppose -4*r = 4 + l. What are the prime factors of 2/r*(-1 - 1)?
2
Let z = 192 - 76. List the prime factors of z.
2, 29
Suppose -2*j - 2*k + 2 = -j, 0 = 4*j + 5*k - 14. Let o(p) = p + 5. Let z be o(-1). List the prime factors of (39/j)/(2/z).
13
Let u = 8 - 6. Suppose 0 = -0*l - u*l + 2. Let h = l - -5. What are the prime factors of h?
2, 3
Let v(b) = b**3 - 4*b**2 + 7*b - 4. Let w be v(4). What are the prime factors of ((-54)/w)/((-1)/4)?
3
Let a be (2/3)/(2/9). Let k(n) = -a + 1 - 3 - n. What are the prime factors of k(-8)?
3
Let g = -6 + 2. Let z(n) = -3*n - 4. Let r be z(g). Let a = 13 - r. What are the prime factors of a?
5
Let f = -64 - -129. Suppose f = -0*h + 5*h. What are the prime factors of h?
13
Let p(k) = -k**2 - 14*k - 1. Let a be p(-9). Suppose 0*r + a = 3*r + 5*z, 4*r = -2*z + 54. Let q = r + -2. What are the prime factors of q?
11
Let o(k) = -8*k + 19. What are the prime factors of o(-6)?
67
Let w(l) = -l**2 - l - 12. Let y be w(0). Let f = y + -6. Let b = -12 - f. What are the prime factors of b?
2, 3
Let y(j) = -2*j - 4. Let m(i) = -3*i**3 - i + 1. Let c be m(1). Let k be y(c). Let s = 1 + k. What are the prime factors of s?
3
Suppose 6*z - 39 = 5*z. Suppose -26*o + 23*o + z = 0. List the prime factors of o.
13
Let p be ((-10)/3)/(-5)*-3. List the prime factors of (-6 - 0)/(p/13).
3, 13
What are the prime factors of (56/35)/((-2)/(-5))?
2
Let g(y) = y**3 - 15*y**2 - y + 39. List the prime factors of g(16).
3, 31
Let m(f) = -f**2. Let g be m(1). Let r be (108/(-21))/(64/(-28) - -2). What are the prime factors of (g/3)/((-2)/r)?
3
Let j(r) = -r**3 - 4*r - 3. Let u be (-3)/2 - 2/4. What are the prime factors of j(u)?
13
Suppose -g - 24 = -5*i, -4*i + 3*g + 27 = 10. Suppose -3 + i = k. List the prime factors of 4 - (0 + k) - 0.
2
Let l = 13 + -10. Let b = l - 1. What are the prime factors of b?
2
Let f = 23 - 12. What are the prime factors of f?
11
Suppose -2*f + 4 = -2. Suppose -3*o = -g - 1, 25 = 4*g + f*o - 1. Suppose -3*t + g = -2*t. List the prime factors of t.
5
Let d = 95 + -90. List the prime factors of d.
5
Suppose -5*m + 42 = -113. What are the prime factors of m?
31
Let b be (-5)/7 - 4/14. List the prime factors of -5*b*4 - -3.
23
Let k = 4 + -9. Let r be (9 + k)/((-1)/(-2)). Suppose -3*m - m = -r. List the prime factors of m.
2
Let z = -14 + 35. List the prime factors of z.
3, 7
Suppose z - 207 = 3*i, 2*z = 2*i + 126 + 280. What are the prime factors of z?
3, 67
Let d(j) = j**3 - j**2 - j. Suppose -5*t = -20, 2*c - 2*t - 1 + 5 = 0. Let x be d(c). Suppose 7 = x*o - 9. What are the prime factors of o?
2
Let b(u) = u**2 - u + 1. Let c be b(-5). Let i = 61 - c. List the prime factors of i.
2, 3, 5
Let b be 1/(-2)*(-1 + -9). Suppose -4 = -4*r + b*r. Let y(s) = -2*s - 1. List the prime factors of y(r).
7
Let b = 59 + -43. What are the prime factors of b?
2
Let r = 15 + -24. Let v(z) = 3*z - 1. Let n be v(1). Let x = n - r. List the prime factors of x.
11
Let x = 0 - -2. Let m(f) = f**3 - 3*f**2 + 2*f + 2. Let c be m(x). Suppose c*a + 5*b - 15 = 0, 2*b = 4*a - 9 - 9. What are the prime factors of a?
5
Suppose 2*y - 5*y + 5*o + 26 = 0, -3*y - 2 = 2*o. What are the prime factors of y?
2
Let t = 7 + -13. Let n(x) = -2 + 1 + 4 - x. List the prime factors of n(t).
3
Let z(g) be the third derivative of 11*g**6/60 - g**5/30 + g**4/24 - 6*g**2. What are the prim